Is 9 a factor of 242982?
True
Is 4 a factor of 108233?
False
Is 3000515 a multiple of 1295?
True
Is 115782 a multiple of 25?
False
Does 268 divide 1047076?
True
Is 2024784 a multiple of 12?
True
Does 74 divide 75674?
False
Is 3679 a multiple of 10?
False
Does 143 divide 11689531?
False
Does 379 divide 45859?
True
Does 70 divide 175000?
True
Is 34 a factor of 490178?
True
Is 438 a factor of 872934?
True
Does 202 divide 12120?
True
Is 59360 a multiple of 212?
True
Is 6968600 a multiple of 46?
False
Is 13 a factor of 755863?
False
Does 977 divide 6024395?
False
Is 442903 a multiple of 77?
False
Is 46 a factor of 7401290?
False
Does 72 divide 198664?
False
Is 15745 a multiple of 67?
True
Does 29 divide 7656?
True
Does 168 divide 1386000?
True
Is 294 a factor of 500?
False
Is 4539636 a multiple of 141?
True
Does 9 divide 1910425?
False
Is 15100485 a multiple of 2031?
True
Does 159 divide 14322720?
True
Is 36120 a multiple of 301?
True
Is 25 a factor of 326175?
True
Is 277166 a multiple of 139?
True
Does 72 divide 566856?
True
Does 5 divide 65200?
True
Does 45 divide 18544725?
True
Is 166804 a multiple of 11?
True
Is 11918 a multiple of 59?
True
Is 2085 a multiple of 72?
False
Does 2 divide 5695?
False
Is 173853 a multiple of 5?
False
Is 4 a factor of 1276?
True
Is 1922098 a multiple of 151?
False
Is 653 a factor of 37258765?
False
Is 332599 a multiple of 31?
True
Is 356634 a multiple of 80?
False
Is 230421 a multiple of 70?
False
Does 26 divide 1481688?
True
Does 2 divide 9102?
True
Is 3124872 a multiple of 108?
True
Is 5 a factor of 487117?
False
Is 779139 a multiple of 163?
False
Does 579 divide 16378564?
False
Is 45676 a multiple of 195?
False
Does 480 divide 353280?
True
Is 450016 a multiple of 574?
True
Does 26 divide 4964410?
False
Is 14 a factor of 7309479?
False
Does 341 divide 242451?
True
Is 2144695 a multiple of 1015?
True
Does 11 divide 173250?
True
Does 25 divide 4628716?
False
Is 9 a factor of 6129?
True
Does 37 divide 988529?
True
Does 50 divide 252023?
False
Is 1158 a factor of 4076160?
True
Is 489476 a multiple of 52?
True
Is 115714 a multiple of 94?
True
Does 9 divide 15334?
False
Does 460 divide 2300?
True
Is 157 a factor of 382609?
True
Is 72 a factor of 121536?
True
Does 8 divide 658040?
True
Is 51 a factor of 2215616?
False
Is 729 a factor of 9560106?
True
Is 869014 a multiple of 29?
True
Is 524361 a multiple of 631?
True
Is 1391112 a multiple of 2?
True
Is 373 a factor of 5038334?
False
Is 189 a factor of 5675258?
False
Is 41 a factor of 458298?
True
Is 527101 a multiple of 13?
False
Is 173 a factor of 562153?
False
Is 144714 a multiple of 271?
True
Is 88 a factor of 217295?
False
Does 175 divide 1123150?
True
Does 9 divide 28980?
True
Is 897394 a multiple of 13?
False
Does 163 divide 1756430?
False
Is 983676 a multiple of 12?
True
Is 1991950 a multiple of 24?
False
Is 363431 a multiple of 265?
False
Is 94 a factor of 7900230?
True
Does 33 divide 15048?
True
Is 1741 a factor of 3492446?
True
Does 11 divide 95623?
True
Does 1000 divide 3923000?
True
Is 220 a factor of 22792496?
False
Does 361 divide 153425?
True
Is 4921668 a multiple of 9?
True
Does 1850 divide 9407412?
False
Is 600 a factor of 1057987?
False
Is 2 a factor of 189096?
True
Does 406 divide 7158139?
False
Does 716 divide 184012?
True
Does 3 divide 63832?
False
Does 15 divide 5912429?
False
Is 3606390 a multiple of 38?
True
Is 173745 a multiple of 4?
False
Does 191 divide 95410?
False
Is 287 a factor of 105042?
True
Is 3591097 a multiple of 27?
False
Is 3 a factor of 158953?
False
Does 23 divide 14889993?
True
Does 20 divide 1760669?
False
Is 9696 a multiple of 7?
False
Is 34297 a multiple of 48?
False
Is 15123139 a multiple of 325?
False
Is 68 a factor of 205700?
True
Is 44 a factor of 339988?
True
Is 252552 a multiple of 261?
False
Is 28 a factor of 4578310?
False
Is 33 a factor of 919553?
False
Does 4 divide 263004?
True
Is 5644584 a multiple of 396?
True
Is 2238820 a multiple of 546?
False
Is 329440 a multiple of 530?
False
Is 502482 a multiple of 83?
True
Is 52 a factor of 1029450?
False
Is 39 a factor of 230724?
True
Is 10448617 a multiple of 18?
False
Is 49464 a multiple of 12?
True
Is 68327 a multiple of 7?
True
Is 528 a factor of 14605720?
False
Does 14 divide 2458064?
True
Does 222 divide 375431?
False
Is 110 a factor of 27740?
False
Is 117 a factor of 4253728?
False
Does 6 divide 35183?
False
Does 18 divide 416949?
False
Does 119 divide 2032758?
True
Does 67 divide 644473?
True
Does 279 divide 120668?
False
Is 60 a factor of 13860?
True
Is 159 a factor of 580668?
True
Does 24 divide 2333761?
False
Does 39 divide 705750?
False
Does 5 divide 63612?
False
Does 4 divide 281060?
True
Is 279 a factor of 8390968?
False
Is 151540 a multiple of 71?
False
Is 109584 a multiple of 72?
True
Is 9 a factor of 5944740?
False
Is 102 a factor of 86590?
False
Is 46 a factor of 263866?
False
Is 421058 a multiple of 11?
True
Is 1968042 a multiple of 297?
False
Is 126 a factor of 21989898?
True
Does 444 divide 525095?
False
Is 403920 a multiple of 408?
True
Is 38 a factor of 20596?
True
Is 33 a factor of 228987?
True
Does 44 divide 800874?
False
Is 821980 a multiple of 455?
False
Does 9 divide 30560705?
False
Is 7 a factor of 138538?
False
Is 2834968 a multiple of 31?
False
Is 9 a factor of 1833098?
False
Does 362 divide 957490?
True
Is 56 a factor of 7113794?
False
Is 17 a factor of 964678?
False
Is 2657495 a multiple of 26?
False
Does 193 divide 25283?
True
Is 170 a factor of 748850?
True
Is 2884198 a multiple of 302?
False
Is 13002084 a multiple of 123?
True
Is 663442 a multiple of 58?
False
Does 168 divide 5512661?
False
Is 19 a factor of 321632?
True
Does 54 divide 1107293?
False
Is 282 a factor of 6233610?
True
Does 3 divide 1134029?
False
Is 16 a factor of 57968?
True
Does 161 divide 783281?
False
Is 156143 a multiple of 186?
False
Is 2252093 a multiple of 888?
False
Is 322109 a multiple of 1264?
False
Is 711 a factor of 8007282?
True
Does 264 divide 1762490?
False
Is 1328614 a multiple of 557?
False
Is 8945 a multiple of 5?
True
Does 106 divide 106?
True
Is 456876 a multiple of 84?
True
Is 152392 a multiple of 86?
True
Is 46 a factor of 21311800?
True
Is 10 a factor of 78057?
False
Does 350 divide 1705975?
False
Is 488 a factor of 11361?
False
Is 2 a factor of 1521448?
True
Does 642 divide 47905?
False
Does 1527 divide 3872667?
False
Is 383597 a multiple of 179?
True
Is 2549960 a multiple of 54?
False
Is 1650362 a multiple of 45?
False
Is 32 a factor of 49523?
False
Does 15 divide 1028190?
True
Is 845894 a multiple of 23?
True
Is 25 a factor of 2096400?
True
Is 45 a factor of 32175?
True
Is 104580 a multiple of 140?
True
Does 333 divide 442890?
True
Does 28 divide 1234940?
True
Is 547016 a multiple of 993?
False
Is 2166270 a multiple of 30?
True
Is 17 a factor of 8482526?
False
Does 139 divide 34568614?
False
Is 14 a factor of 5502?
True
Is 4 a factor of 23680?
True
Is 299995 a multiple of 27?
False
Does 30 divide 344762?
False
Is 24913462 a multiple of 14?
True
Is 124 a factor of 3251652?
True
Does 234 divide 3359273?
False
Is 10678206 a multiple of 42?
True
Is 119018 a multiple of 169?
False
Is 13648964 a multiple of 601?
False
Is 36 a factor of 582732?
True
Is 282315 a multiple of 55?
True
Is 35 a factor of 8523?
False
Is 41 a factor of 176710?
True
Is 5505767 a multiple of 34?
False
Is 11 a factor of 5971130?
True
Does 3 divide 84?
True
Is 8 a factor of 2250064?
True
Is 89453 a multiple of 17?
False
Is 36 a factor of 2274311?
False
Is 55328 a multiple of 152?
True
Is 56256 a multiple of 293?
True
Is 2 a factor of 48615?
False
Is 211 a factor of 223172?
False
Does 367 divide 3902311?
True
Does 167 divide 21918?
False
Is 83 a factor of 298468?
True
Does 1041 divide 1590769?
False
Is 262 a factor of 3179232?
False
Is 19762 a multiple of 11?
False
Is 277 a factor of 435998?
True
Does 60 divide 14564?
False
Is 662 a factor of 1660958?
True
Is 66 a factor of 82402?
False
Is 10404982 a multiple of 120?
False
Is 42 a factor of 1142139?
False
Is 63852 a multiple of 51?
True
Does 42 divide 840?
True
Is 85 a factor of 14122898?
False
Is 5128227 a multiple of 39?
True
Does 18 divide 6758983?
False
Is 703 a factor of 1322764?
False
Does 5 divide 4595415?
True
Is 43 a fac